{"id":481,"date":"2024-05-28T11:00:14","date_gmt":"2024-05-28T09:00:14","guid":{"rendered":"https:\/\/info.repod.icm.edu.pl\/?page_id=481"},"modified":"2024-05-28T11:03:16","modified_gmt":"2024-05-28T09:03:16","slug":"jak-deponowac","status":"publish","type":"page","link":"https:\/\/info.repod.icm.edu.pl\/?page_id=481","title":{"rendered":"Jak deponowa\u0107?"},"content":{"rendered":"\n<h2 class=\"wp-block-heading\">Instrukcja deponowania danych badawczych<\/h2>\n\n\n\n<details class=\"wp-block-details is-layout-flow wp-block-details-is-layout-flow\"><summary>Zak\u0142adanie konta i logowanie<\/summary>\n<p><\/p>\n\n\n\n<p>Ka\u017cda osoba mo\u017ce za\u0142o\u017cy\u0107 konto w repozytorium i deponowa\u0107 dane w kolekcji g\u0142\u00f3wnej o nazwie <em>RepOD<\/em>. Korzystanie z repozytorium jest bezp\u0142atne.<\/p>\n\n\n\n<p>W przypadku niekt\u00f3rych kolekcji instytucjonalnych do zdeponowania w nich danych konieczne mo\u017ce by\u0107 za\u0142o\u017cenie konta u\u017cytkownika przy u\u017cyciu adresu e-mail w domenie danej instytucji.<\/p>\n\n\n\n<p>Aby za\u0142o\u017cy\u0107 konto, na stronie g\u0142\u00f3wnej <a href=\"https:\/\/repod.icm.edu.pl\/\" target=\"_blank\" rel=\"noreferrer noopener\">https:\/\/repod.icm.edu.pl\/<\/a> nale\u017cy wybra\u0107 opcj\u0119 <em>Zaloguj\/Za\u0142\u00f3\u017c konto<\/em>, nast\u0119pnie przycisk <em>Za\u0142\u00f3\u017c konto<\/em>.<\/p>\n\n\n<div class=\"wp-block-image\">\n<figure class=\"aligncenter size-large is-resized\"><img loading=\"lazy\" decoding=\"async\" width=\"1024\" height=\"522\" src=\"https:\/\/info.repod.icm.edu.pl\/wp-content\/uploads\/2024\/05\/01_repod_zaloguj-1024x522.png\" alt=\"\" class=\"wp-image-482\" style=\"width:538px;height:auto\" srcset=\"https:\/\/info.repod.icm.edu.pl\/wp-content\/uploads\/2024\/05\/01_repod_zaloguj-1024x522.png 1024w, https:\/\/info.repod.icm.edu.pl\/wp-content\/uploads\/2024\/05\/01_repod_zaloguj-300x153.png 300w, https:\/\/info.repod.icm.edu.pl\/wp-content\/uploads\/2024\/05\/01_repod_zaloguj-768x392.png 768w, https:\/\/info.repod.icm.edu.pl\/wp-content\/uploads\/2024\/05\/01_repod_zaloguj.png 1402w\" sizes=\"(max-width: 767px) 89vw, (max-width: 1000px) 54vw, (max-width: 1071px) 543px, 580px\" \/><\/figure><\/div>\n\n\n<p>W kolejnym kroku nale\u017cy uzupe\u0142ni\u0107 wymagane informacje oraz przeczyta\u0107 i zaakceptowa\u0107 regulamin. W razie w\u0105tpliwo\u015bci mo\u017cna skorzysta\u0107 z obja\u015bnie\u0144 \u2014 wystarczy najecha\u0107 kursorem na symbol znaku zapytania obok wybranego pola.<\/p>\n\n\n\n<p>Wprowadzone informacje nale\u017cy zapisa\u0107 za pomoc\u0105 przycisku <em>Utw\u00f3rz konto<\/em>. W\u00f3wczas na podany adres e-mail przes\u0142any zostanie link pozwalaj\u0105cy zweryfikowa\u0107 konto, a tym samym zako\u0144czy\u0107 proces rejestracji.<\/p>\n\n\n<div class=\"wp-block-image\">\n<figure class=\"aligncenter size-large is-resized\"><img loading=\"lazy\" decoding=\"async\" width=\"1024\" height=\"527\" src=\"https:\/\/info.repod.icm.edu.pl\/wp-content\/uploads\/2024\/05\/02_repod_logowanie_formularz-1024x527.png\" alt=\"\" class=\"wp-image-483\" style=\"width:435px;height:auto\" srcset=\"https:\/\/info.repod.icm.edu.pl\/wp-content\/uploads\/2024\/05\/02_repod_logowanie_formularz-1024x527.png 1024w, https:\/\/info.repod.icm.edu.pl\/wp-content\/uploads\/2024\/05\/02_repod_logowanie_formularz-300x154.png 300w, https:\/\/info.repod.icm.edu.pl\/wp-content\/uploads\/2024\/05\/02_repod_logowanie_formularz-768x395.png 768w, https:\/\/info.repod.icm.edu.pl\/wp-content\/uploads\/2024\/05\/02_repod_logowanie_formularz.png 1378w\" sizes=\"(max-width: 767px) 89vw, (max-width: 1000px) 54vw, (max-width: 1071px) 543px, 580px\" \/><\/figure><\/div>\n\n<div class=\"wp-block-image\">\n<figure class=\"aligncenter size-large is-resized\"><img loading=\"lazy\" decoding=\"async\" width=\"1024\" height=\"488\" src=\"https:\/\/info.repod.icm.edu.pl\/wp-content\/uploads\/2024\/05\/03_repod_utworz_konto-1024x488.png\" alt=\"\" class=\"wp-image-484\" style=\"width:436px;height:auto\" srcset=\"https:\/\/info.repod.icm.edu.pl\/wp-content\/uploads\/2024\/05\/03_repod_utworz_konto-1024x488.png 1024w, https:\/\/info.repod.icm.edu.pl\/wp-content\/uploads\/2024\/05\/03_repod_utworz_konto-300x143.png 300w, https:\/\/info.repod.icm.edu.pl\/wp-content\/uploads\/2024\/05\/03_repod_utworz_konto-768x366.png 768w, https:\/\/info.repod.icm.edu.pl\/wp-content\/uploads\/2024\/05\/03_repod_utworz_konto.png 1405w\" sizes=\"(max-width: 767px) 89vw, (max-width: 1000px) 54vw, (max-width: 1071px) 543px, 580px\" \/><\/figure><\/div>\n\n\n<p>Ka\u017cde kolejne logowanie b\u0119dzie mo\u017cliwe po wybraniu przycisku<em> Zaloguj\/Za\u0142\u00f3\u017c konto<\/em> i podaniu nazwy u\u017cytkownika i has\u0142a.<\/p>\n<\/details>\n\n\n\n<details class=\"wp-block-details is-layout-flow wp-block-details-is-layout-flow\"><summary>Dodawanie zbioru danych<\/summary>\n<p><\/p>\n\n\n\n<p>Aby przej\u015b\u0107 do deponowania zbioru danych, nale\u017cy wybra\u0107 przycisk <em>Dodaj zbi\u00f3r danych<\/em> na stronie g\u0142\u00f3wnej.\u00a0<\/p>\n\n\n<div class=\"wp-block-image\">\n<figure class=\"aligncenter size-full is-resized\"><img loading=\"lazy\" decoding=\"async\" width=\"658\" height=\"151\" src=\"https:\/\/info.repod.icm.edu.pl\/wp-content\/uploads\/2024\/05\/04_repod_dodaj_zbior.png\" alt=\"\" class=\"wp-image-485\" style=\"width:353px;height:auto\" srcset=\"https:\/\/info.repod.icm.edu.pl\/wp-content\/uploads\/2024\/05\/04_repod_dodaj_zbior.png 658w, https:\/\/info.repod.icm.edu.pl\/wp-content\/uploads\/2024\/05\/04_repod_dodaj_zbior-300x69.png 300w\" sizes=\"(max-width: 658px) 100vw, 658px\" \/><\/figure><\/div>\n\n\n<p>Nast\u0119pnie nale\u017cy wybra\u0107 kolekcj\u0119, do kt\u00f3rej powinny trafi\u0107 dane. Wybra\u0107 mo\u017cna jedn\u0105 spo\u015br\u00f3d dost\u0119pnych kolekcji instytucjonalnych lub \u2013 je\u015bli dana instytucja takiej nie posiada \u2013 kolekcj\u0119 g\u0142\u00f3wn\u0105 o nazwie <em>RepOD<\/em>.\u00a0\u00a0<\/p>\n\n\n\n<p>Po wybraniu odpowiedniej kolekcji i zatwierdzeniu przyciskiem <em>Dodaj zbi\u00f3r danych do wybranej kolekcji<\/em> nast\u0105pi przekierowanie do strony z formularzem metadanych.\u00a0<\/p>\n\n\n<div class=\"wp-block-image\">\n<figure class=\"aligncenter size-full is-resized\"><img loading=\"lazy\" decoding=\"async\" width=\"648\" height=\"424\" src=\"https:\/\/info.repod.icm.edu.pl\/wp-content\/uploads\/2024\/05\/05_repod_kolekcja.png\" alt=\"\" class=\"wp-image-486\" style=\"width:309px;height:auto\" srcset=\"https:\/\/info.repod.icm.edu.pl\/wp-content\/uploads\/2024\/05\/05_repod_kolekcja.png 648w, https:\/\/info.repod.icm.edu.pl\/wp-content\/uploads\/2024\/05\/05_repod_kolekcja-300x196.png 300w\" sizes=\"(max-width: 648px) 100vw, 648px\" \/><\/figure><\/div>\n\n\n<p>Uwaga: u\u017cytkownik mo\u017ce wybra\u0107 jedynie te kolekcje, w kt\u00f3rych ma uprawnienia do deponowania zbior\u00f3w danych. Kolekcje instytucjonalne, kt\u00f3re wymagaj\u0105 rejestracji przy u\u017cyciu adresu e-mail w konkretnej domenie, b\u0119d\u0105 widoczne wy\u0142\u0105cznie dla kont spe\u0142niaj\u0105cych ten warunek.\u00a0<\/p>\n<\/details>\n\n\n\n<details class=\"wp-block-details is-layout-flow wp-block-details-is-layout-flow\"><summary>Wprowadzanie metadanych<\/summary>\n<p><\/p>\n\n\n\n<p>Nale\u017cy wprowadzi\u0107 informacje dotycz\u0105ce danych do odpowiednich p\u00f3l w formularzu metadanych. Pola obowi\u0105zkowe s\u0105 oznaczone gwiazdk\u0105, warto jednak wype\u0142ni\u0107 jak najwi\u0119ksz\u0105 liczb\u0119 p\u00f3l nieobowi\u0105zkowych. Dzi\u0119ki temu dane b\u0119d\u0105 \u0142atwiejsze do odnalezienia i interpretacji.\u00a0<\/p>\n\n\n\n<p>Z obja\u015bnieniami poszczeg\u00f3lnych p\u00f3l mo\u017cna zapozna\u0107 si\u0119 po najechaniu kursorem na symbol znaku zapytania.&nbsp;<\/p>\n\n\n\n<p>Edycja metadanych wprowadzonych na tym etapie b\u0119dzie jeszcze mo\u017cliwa w kolejnych krokach procesu deponowania.\u00a0<\/p>\n\n\n<div class=\"wp-block-image\">\n<figure class=\"aligncenter size-full is-resized\"><img loading=\"lazy\" decoding=\"async\" width=\"997\" height=\"739\" src=\"https:\/\/info.repod.icm.edu.pl\/wp-content\/uploads\/2024\/05\/06_repod_formularz.png\" alt=\"\" class=\"wp-image-488\" style=\"width:474px;height:auto\" srcset=\"https:\/\/info.repod.icm.edu.pl\/wp-content\/uploads\/2024\/05\/06_repod_formularz.png 997w, https:\/\/info.repod.icm.edu.pl\/wp-content\/uploads\/2024\/05\/06_repod_formularz-300x222.png 300w, https:\/\/info.repod.icm.edu.pl\/wp-content\/uploads\/2024\/05\/06_repod_formularz-768x569.png 768w\" sizes=\"(max-width: 767px) 89vw, (max-width: 1000px) 54vw, (max-width: 1071px) 543px, 580px\" \/><\/figure><\/div><\/details>\n\n\n\n<details class=\"wp-block-details is-layout-flow wp-block-details-is-layout-flow\"><summary>Przesy\u0142anie plik\u00f3w<\/summary>\n<p><\/p>\n\n\n\n<p>Odpowiednio przygotowane pliki z danymi nale\u017cy wybra\u0107 ze swojego urz\u0105dzenia i przes\u0142a\u0107, korzystaj\u0105c z przycisku <em>Wybierz pliki do dodania<\/em>, lub przeci\u0105gn\u0105\u0107 i upu\u015bci\u0107 we wskazanym obszarze strony.&nbsp;<\/p>\n\n\n\n<p>Limit wielko\u015bci pojedynczego pliku to 5.0 GB. Limit wielko\u015bci sumy przesy\u0142anych jednocze\u015bnie plik\u00f3w wynosi 20.0 GB. Nie ma limitu wielko\u015bci ca\u0142ego zbioru.\u00a0<\/p>\n\n\n<div class=\"wp-block-image\">\n<figure class=\"aligncenter size-large is-resized\"><img loading=\"lazy\" decoding=\"async\" width=\"1024\" height=\"339\" src=\"https:\/\/info.repod.icm.edu.pl\/wp-content\/uploads\/2024\/05\/07_repod_pliki-1024x339.png\" alt=\"\" class=\"wp-image-491\" style=\"width:486px;height:auto\" srcset=\"https:\/\/info.repod.icm.edu.pl\/wp-content\/uploads\/2024\/05\/07_repod_pliki-1024x339.png 1024w, https:\/\/info.repod.icm.edu.pl\/wp-content\/uploads\/2024\/05\/07_repod_pliki-300x99.png 300w, https:\/\/info.repod.icm.edu.pl\/wp-content\/uploads\/2024\/05\/07_repod_pliki-768x254.png 768w, https:\/\/info.repod.icm.edu.pl\/wp-content\/uploads\/2024\/05\/07_repod_pliki.png 1300w\" sizes=\"(max-width: 767px) 89vw, (max-width: 1000px) 54vw, (max-width: 1071px) 543px, 580px\" \/><\/figure><\/div>\n\n\n<p>Zalecane formaty plik\u00f3w: <a href=\"https:\/\/docs.google.com\/document\/d\/1gUxI9pENvhXkNWIDQaV_CRwXDumj-dCQg8A7sXJ94cA\/edit?usp=sharing\" target=\"_blank\" rel=\"noreferrer noopener\">otw\u00f3rz w nowej karcie<\/a>.<\/p>\n\n\n\n<p>Ka\u017cdy przes\u0142any plik nale\u017cy oznaczy\u0107 <strong>licencj\u0105<\/strong>, wybieraj\u0105c odpowiedni\u0105 opcj\u0119 z listy (domy\u015blnie jest to <a href=\"https:\/\/creativecommons.org\/publicdomain\/zero\/1.0\/deed.pl\" target=\"_blank\" rel=\"noreferrer noopener\">licencja CC0<\/a>).\u00a0<\/p>\n\n\n\n<p>Mo\u017cna r\u00f3wnie\u017c edytowa\u0107 nazw\u0119 ka\u017cdego pliku i doda\u0107 kr\u00f3tki opis.<\/p>\n\n\n<div class=\"wp-block-image\">\n<figure class=\"aligncenter size-full is-resized\"><img loading=\"lazy\" decoding=\"async\" width=\"907\" height=\"415\" src=\"https:\/\/info.repod.icm.edu.pl\/wp-content\/uploads\/2024\/05\/08_repod_edycja_pliku.png\" alt=\"\" class=\"wp-image-493\" style=\"width:396px;height:auto\" srcset=\"https:\/\/info.repod.icm.edu.pl\/wp-content\/uploads\/2024\/05\/08_repod_edycja_pliku.png 907w, https:\/\/info.repod.icm.edu.pl\/wp-content\/uploads\/2024\/05\/08_repod_edycja_pliku-300x137.png 300w, https:\/\/info.repod.icm.edu.pl\/wp-content\/uploads\/2024\/05\/08_repod_edycja_pliku-768x351.png 768w\" sizes=\"(max-width: 767px) 89vw, (max-width: 1000px) 54vw, (max-width: 1071px) 543px, 580px\" \/><\/figure><\/div>\n\n\n<p>Repozytorium pozwala te\u017c na \u0142atw\u0105 zmian\u0119 licencji wi\u0119kszej liczby plik\u00f3w. W tym celu nale\u017cy zaznaczy\u0107 pliki, kt\u00f3rych licencje maj\u0105 zosta\u0107 zmienione, klikn\u0105\u0107 przycisk <em>Edytuj<\/em> i z menu rozwijanego wybra\u0107 pozycj\u0119 <em>Licencja<\/em>. Na ekranie pojawi si\u0119 okno, w kt\u00f3rym nale\u017cy wskaza\u0107 docelow\u0105 licencj\u0119, a nast\u0119pnie zatwierdzi\u0107 wyb\u00f3r.\u00a0<\/p>\n\n\n<div class=\"wp-block-image\">\n<figure class=\"aligncenter size-large is-resized\"><img loading=\"lazy\" decoding=\"async\" width=\"1024\" height=\"295\" src=\"https:\/\/info.repod.icm.edu.pl\/wp-content\/uploads\/2024\/05\/09_repod_licencja_hurt-1024x295.png\" alt=\"\" class=\"wp-image-494\" style=\"width:451px;height:auto\" srcset=\"https:\/\/info.repod.icm.edu.pl\/wp-content\/uploads\/2024\/05\/09_repod_licencja_hurt-1024x295.png 1024w, https:\/\/info.repod.icm.edu.pl\/wp-content\/uploads\/2024\/05\/09_repod_licencja_hurt-300x86.png 300w, https:\/\/info.repod.icm.edu.pl\/wp-content\/uploads\/2024\/05\/09_repod_licencja_hurt-768x221.png 768w, https:\/\/info.repod.icm.edu.pl\/wp-content\/uploads\/2024\/05\/09_repod_licencja_hurt.png 1255w\" sizes=\"(max-width: 767px) 89vw, (max-width: 1000px) 54vw, (max-width: 1071px) 543px, 580px\" \/><\/figure><\/div>\n\n<div class=\"wp-block-image\">\n<figure class=\"aligncenter size-full is-resized\"><img loading=\"lazy\" decoding=\"async\" width=\"573\" height=\"424\" src=\"https:\/\/info.repod.icm.edu.pl\/wp-content\/uploads\/2024\/05\/10_repod_zatwierdz_licencje.png\" alt=\"\" class=\"wp-image-495\" style=\"width:330px;height:auto\" srcset=\"https:\/\/info.repod.icm.edu.pl\/wp-content\/uploads\/2024\/05\/10_repod_zatwierdz_licencje.png 573w, https:\/\/info.repod.icm.edu.pl\/wp-content\/uploads\/2024\/05\/10_repod_zatwierdz_licencje-300x222.png 300w\" sizes=\"(max-width: 573px) 100vw, 573px\" \/><\/figure><\/div><\/details>\n\n\n\n<details class=\"wp-block-details is-layout-flow wp-block-details-is-layout-flow\"><summary>Zapisywanie wersji roboczej zbioru danych<\/summary>\n<p><\/p>\n\n\n\n<p>Po dodaniu plik\u00f3w i uzupe\u0142nieniu formularza metadanych nale\u017cy zapisa\u0107 zbi\u00f3r danych, korzystaj\u0105c z przycisku u do\u0142u ekranu.<\/p>\n\n\n<div class=\"wp-block-image\">\n<figure class=\"aligncenter size-large is-resized\"><img loading=\"lazy\" decoding=\"async\" width=\"1024\" height=\"114\" src=\"https:\/\/info.repod.icm.edu.pl\/wp-content\/uploads\/2024\/05\/11_repod_zapisz-1024x114.png\" alt=\"\" class=\"wp-image-497\" style=\"width:629px;height:auto\" srcset=\"https:\/\/info.repod.icm.edu.pl\/wp-content\/uploads\/2024\/05\/11_repod_zapisz-1024x114.png 1024w, https:\/\/info.repod.icm.edu.pl\/wp-content\/uploads\/2024\/05\/11_repod_zapisz-300x34.png 300w, https:\/\/info.repod.icm.edu.pl\/wp-content\/uploads\/2024\/05\/11_repod_zapisz-768x86.png 768w, https:\/\/info.repod.icm.edu.pl\/wp-content\/uploads\/2024\/05\/11_repod_zapisz-1536x172.png 1536w, https:\/\/info.repod.icm.edu.pl\/wp-content\/uploads\/2024\/05\/11_repod_zapisz.png 1755w\" sizes=\"(max-width: 767px) 89vw, (max-width: 1000px) 54vw, (max-width: 1071px) 543px, 580px\" \/><\/figure><\/div>\n\n\n<p>Zbi\u00f3r danych zostanie zapisany jako wersja robocza, co znaczy, \u017ce na tym etapie mo\u017cna jeszcze edytowa\u0107 metadane i pliki. Zarazem zapisanie zbioru nie oznacza jego publikacji \u2013 wersja robocza nie jest widoczna dla innych u\u017cytkownik\u00f3w i przed opublikowaniem musi zosta\u0107 przes\u0142ana do weryfikacji. Wersj\u0119 robocz\u0105 mo\u017cna r\u00f3wnie\u017c <strong>usun\u0105\u0107<\/strong>.\u00a0<\/p>\n\n\n<div class=\"wp-block-image\">\n<figure class=\"aligncenter size-full is-resized\"><img loading=\"lazy\" decoding=\"async\" width=\"469\" height=\"475\" src=\"https:\/\/info.repod.icm.edu.pl\/wp-content\/uploads\/2024\/05\/12_repod_usun.png\" alt=\"\" class=\"wp-image-498\" style=\"width:240px;height:auto\" srcset=\"https:\/\/info.repod.icm.edu.pl\/wp-content\/uploads\/2024\/05\/12_repod_usun.png 469w, https:\/\/info.repod.icm.edu.pl\/wp-content\/uploads\/2024\/05\/12_repod_usun-296x300.png 296w, https:\/\/info.repod.icm.edu.pl\/wp-content\/uploads\/2024\/05\/12_repod_usun-100x100.png 100w\" sizes=\"(max-width: 469px) 100vw, 469px\" \/><\/figure><\/div>\n\n\n<p>Na tym etapie widoczny jest zarezerwowany dla zbioru danych <strong>identyfikator DOI<\/strong>. Nie jest on jeszcze aktywny \u2014 jego aktywacja nast\u0105pi\u00a0 w momencie opublikowania zbioru przez administratora kolekcji.<\/p>\n\n\n<div class=\"wp-block-image\">\n<figure class=\"aligncenter size-large is-resized\"><img loading=\"lazy\" decoding=\"async\" width=\"1024\" height=\"229\" src=\"https:\/\/info.repod.icm.edu.pl\/wp-content\/uploads\/2024\/05\/13_repod_wersja_robocza-1024x229.png\" alt=\"\" class=\"wp-image-499\" style=\"width:595px;height:auto\" srcset=\"https:\/\/info.repod.icm.edu.pl\/wp-content\/uploads\/2024\/05\/13_repod_wersja_robocza-1024x229.png 1024w, https:\/\/info.repod.icm.edu.pl\/wp-content\/uploads\/2024\/05\/13_repod_wersja_robocza-300x67.png 300w, https:\/\/info.repod.icm.edu.pl\/wp-content\/uploads\/2024\/05\/13_repod_wersja_robocza-768x172.png 768w, https:\/\/info.repod.icm.edu.pl\/wp-content\/uploads\/2024\/05\/13_repod_wersja_robocza.png 1113w\" sizes=\"(max-width: 767px) 89vw, (max-width: 1000px) 54vw, (max-width: 1071px) 543px, 580px\" \/><\/figure><\/div><\/details>\n\n\n\n<details class=\"wp-block-details is-layout-flow wp-block-details-is-layout-flow\"><summary>Edycja wersji roboczej zbioru danych<\/summary>\n<p><\/p>\n\n\n\n<p>Na stronie wersji roboczej zbioru dost\u0119pny jest przycisk <em>Edytuj<\/em>, kt\u00f3ry umo\u017cliwia m.in.:\u00a0<\/p>\n\n\n\n<ul>\n<li>* dodanie kolejnych plik\u00f3w do zbioru \u2192 <em><strong>Pliki (przesy\u0142anie)<\/strong><\/em>,<\/li>\n\n\n\n<li>* edycj\u0119 formularza metadanych \u2192 <em><strong>Metadane<\/strong><\/em>,\u00a0<\/li>\n\n\n\n<li>* na\u0142o\u017cenie embarga na pliki \u2192 <em><strong>Embargo<\/strong><\/em>; funkcjonalno\u015b\u0107 pozwalaj\u0105ca ograniczy\u0107 widoczno\u015b\u0107 przes\u0142anych plik\u00f3w na okre\u015blony czas po opublikowaniu zbioru \u2014 maksymalnie 36 miesi\u0119cy; wcze\u015bniejsze zdj\u0119cie embarga jest mo\u017cliwe, ale nie jest mo\u017cliwe jego przywr\u00f3cenie ani przed\u0142u\u017cenie,\u00a0<\/li>\n\n\n\n<li>* wygenerowanie prywatnego adresu URL dla nieopublikowanego zbioru \u2192 <em><strong>Prywatny adres URL<\/strong><\/em>, kt\u00f3ry autor zbioru mo\u017ce przes\u0142a\u0107 innym osobom, umo\u017cliwiaj\u0105c im dost\u0119p do nieopublikowanego zbioru danych; adres mo\u017cna dezaktywowa\u0107 w dowolnym momencie.<\/li>\n<\/ul>\n\n\n\n<p>Mo\u017cna r\u00f3wnie\u017c wybra\u0107 opcj\u0119 <strong><em>Usu\u0144 zbi\u00f3r danych <\/em><\/strong>i trwale usun\u0105\u0107 zapisan\u0105 wersj\u0119 robocz\u0105. Operacja ta jest ostateczna \u2013 usuni\u0119tej wersji roboczej nie mo\u017cna przywr\u00f3ci\u0107. Po opublikowaniu zbioru ta opcja nie b\u0119dzie dost\u0119pna. Raz opublikowany zbi\u00f3r nie mo\u017ce zosta\u0107 usuni\u0119ty.\u00a0<\/p>\n\n\n<div class=\"wp-block-image\">\n<figure class=\"aligncenter size-full is-resized\"><img loading=\"lazy\" decoding=\"async\" width=\"448\" height=\"430\" src=\"https:\/\/info.repod.icm.edu.pl\/wp-content\/uploads\/2024\/05\/14_repod_przycisk_edytuj.png\" alt=\"\" class=\"wp-image-502\" style=\"width:256px;height:auto\" srcset=\"https:\/\/info.repod.icm.edu.pl\/wp-content\/uploads\/2024\/05\/14_repod_przycisk_edytuj.png 448w, https:\/\/info.repod.icm.edu.pl\/wp-content\/uploads\/2024\/05\/14_repod_przycisk_edytuj-300x288.png 300w\" sizes=\"(max-width: 448px) 100vw, 448px\" \/><\/figure><\/div><\/details>\n\n\n\n<details class=\"wp-block-details is-layout-flow wp-block-details-is-layout-flow\"><summary>Przekazanie zbioru danych do weryfikacji<\/summary>\n<p><\/p>\n\n\n\n<p>Po zako\u0144czeniu pracy nad zbiorem nale\u017cy przes\u0142a\u0107 go do weryfikacji za pomoc\u0105 przycisku <em>Przeka\u017c do weryfikacji<\/em>.\u00a0<\/p>\n\n\n<div class=\"wp-block-image\">\n<figure class=\"aligncenter size-large is-resized\"><img loading=\"lazy\" decoding=\"async\" width=\"1024\" height=\"248\" src=\"https:\/\/info.repod.icm.edu.pl\/wp-content\/uploads\/2024\/05\/15_repod_przekaz-1024x248.png\" alt=\"\" class=\"wp-image-503\" style=\"width:582px;height:auto\" srcset=\"https:\/\/info.repod.icm.edu.pl\/wp-content\/uploads\/2024\/05\/15_repod_przekaz-1024x248.png 1024w, https:\/\/info.repod.icm.edu.pl\/wp-content\/uploads\/2024\/05\/15_repod_przekaz-300x73.png 300w, https:\/\/info.repod.icm.edu.pl\/wp-content\/uploads\/2024\/05\/15_repod_przekaz-768x186.png 768w, https:\/\/info.repod.icm.edu.pl\/wp-content\/uploads\/2024\/05\/15_repod_przekaz-1536x372.png 1536w, https:\/\/info.repod.icm.edu.pl\/wp-content\/uploads\/2024\/05\/15_repod_przekaz.png 1774w\" sizes=\"(max-width: 767px) 89vw, (max-width: 1000px) 54vw, (max-width: 1071px) 543px, 580px\" \/><\/figure><\/div>\n\n\n<p>Zbi\u00f3r danych trafi do administrator\u00f3w kolekcji, kt\u00f3rzy oceni\u0105 poprawno\u015b\u0107 metadanych oraz danych, a nast\u0119pnie opublikuj\u0105 zbi\u00f3r albo zwr\u00f3c\u0105 go do poprawy. Autor zbioru otrzyma w\u00f3wczas na podany podczas rejestracji adres e-mail odpowiednie powiadomienie wraz z komentarzem administratora.<\/p>\n\n\n\n<p>Je\u017celi konieczne b\u0119d\u0105 uzupe\u0142nienia, nale\u017cy podda\u0107 zbi\u00f3r edycji i ponownie przes\u0142a\u0107 go do weryfikacji.&nbsp;&nbsp;&nbsp;&nbsp;&nbsp;<\/p>\n\n\n\n<p>Je\u017celi zbi\u00f3r nie b\u0119dzie wymaga\u0142 poprawek, zostanie <strong>opublikowany<\/strong>.&nbsp;<\/p>\n<\/details>\n\n\n\n<details class=\"wp-block-details is-layout-flow wp-block-details-is-layout-flow\"><summary>Modyfikowanie opublikowanego zbioru danych<\/summary>\n<p><\/p>\n\n\n\n<p>Opublikowany zbi\u00f3r danych nie mo\u017ce zosta\u0107 usuni\u0119ty. Mo\u017cliwe jest jednak zmodyfikowanie istniej\u0105cego zbioru poprzez utworzenie jego nowej wersji. Nale\u017cy wprowadzi\u0107 zmiany, a nast\u0119pnie przes\u0142a\u0107 zbi\u00f3r do ponownej weryfikacji. Zbi\u00f3r po zmianach zostanie opublikowany jako kolejna wersja istniej\u0105cego ju\u017c zasobu. Wszystkie wcze\u015bniejsze wersje pozostaj\u0105 dost\u0119pne dla u\u017cytkownik\u00f3w \u2014 mo\u017cna je przegl\u0105da\u0107 w zak\u0142adce <em>Wersje <\/em>na stronie zbioru.\u00a0<\/p>\n\n\n<div class=\"wp-block-image\">\n<figure class=\"aligncenter size-large is-resized\"><img loading=\"lazy\" decoding=\"async\" width=\"1024\" height=\"256\" src=\"https:\/\/info.repod.icm.edu.pl\/wp-content\/uploads\/2024\/05\/16_repod_wersje-1024x256.png\" alt=\"\" class=\"wp-image-504\" style=\"width:548px;height:auto\" srcset=\"https:\/\/info.repod.icm.edu.pl\/wp-content\/uploads\/2024\/05\/16_repod_wersje-1024x256.png 1024w, https:\/\/info.repod.icm.edu.pl\/wp-content\/uploads\/2024\/05\/16_repod_wersje-300x75.png 300w, https:\/\/info.repod.icm.edu.pl\/wp-content\/uploads\/2024\/05\/16_repod_wersje-768x192.png 768w, https:\/\/info.repod.icm.edu.pl\/wp-content\/uploads\/2024\/05\/16_repod_wersje-1536x385.png 1536w, https:\/\/info.repod.icm.edu.pl\/wp-content\/uploads\/2024\/05\/16_repod_wersje.png 1661w\" sizes=\"(max-width: 767px) 89vw, (max-width: 1000px) 54vw, (max-width: 1071px) 543px, 580px\" \/><\/figure><\/div>\n\n\n<p>Identyfikator DOI pozostaje taki sam dla wszystkich wersji zbioru. Zawsze prowadzi do wersji najnowszej.\u00a0\u00a0<\/p>\n<\/details>\n","protected":false},"excerpt":{"rendered":"<p>Instrukcja deponowania danych badawczych<\/p>\n","protected":false},"author":7,"featured_media":0,"parent":0,"menu_order":0,"comment_status":"closed","ping_status":"closed","template":"","meta":{"footnotes":""},"_links":{"self":[{"href":"https:\/\/info.repod.icm.edu.pl\/index.php?rest_route=\/wp\/v2\/pages\/481"}],"collection":[{"href":"https:\/\/info.repod.icm.edu.pl\/index.php?rest_route=\/wp\/v2\/pages"}],"about":[{"href":"https:\/\/info.repod.icm.edu.pl\/index.php?rest_route=\/wp\/v2\/types\/page"}],"author":[{"embeddable":true,"href":"https:\/\/info.repod.icm.edu.pl\/index.php?rest_route=\/wp\/v2\/users\/7"}],"replies":[{"embeddable":true,"href":"https:\/\/info.repod.icm.edu.pl\/index.php?rest_route=%2Fwp%2Fv2%2Fcomments&post=481"}],"version-history":[{"count":10,"href":"https:\/\/info.repod.icm.edu.pl\/index.php?rest_route=\/wp\/v2\/pages\/481\/revisions"}],"predecessor-version":[{"id":507,"href":"https:\/\/info.repod.icm.edu.pl\/index.php?rest_route=\/wp\/v2\/pages\/481\/revisions\/507"}],"wp:attachment":[{"href":"https:\/\/info.repod.icm.edu.pl\/index.php?rest_route=%2Fwp%2Fv2%2Fmedia&parent=481"}],"curies":[{"name":"wp","href":"https:\/\/api.w.org\/{rel}","templated":true}]}}